*2. What is the tens digit of 5/k + 85/2?
4
Let f(n) be the first derivative of 22*n**3/3 - 12*n**2 - 198*n + 133. What is the thousands digit of f(-8)?
1
Suppose -7*m = -1196 - 14855. What is the units digit of m?
3
Suppose -151218 = -19*n - 15*n + 3*n. What is the thousands digit of n?
4
Let h = 63 + 48. Let j = h - 115. What is the tens digit of (j/(-6))/(5/((-6330)/(-4)))?
1
Suppose -26*t = -64*t + 283974. What is the thousands digit of t?
7
Let z(o) = o**3 + 4*o**2 - 14*o + 1. Let c be z(-6). Suppose 935 = c*u - 326. What is the units digit of u?
7
Let f(c) = -7*c**3 - 3*c**2 - 7*c - 8. Suppose -21*p - 4 = -20*p. What is the units digit of f(p)?
0
Suppose 0 = -14*i + 8*i - 96. Let r = i + 40. Let h = 80 - r. What is the units digit of h?
6
Let w = 87 + -551. Let f = 248 - w. What is the hundreds digit of f?
7
Let z(a) = 15*a**2 - 5*a**2 + 7*a - 8 - 36*a**3 + 35*a**3. Let u be z(11). Let l = -28 - u. What is the tens digit of l?
2
Let d(w) = -w**3 + w**2 + w + 4. Let y be d(2). What is the units digit of (y - (-114)/(-15))/(24/(-360))?
4
Let j(x) = x**3 + 82*x**2 - 31*x - 109. What is the thousands digit of j(-48)?
9
Let c = 77 + -83. Let m(u) = -u**3 - 2*u - 15. Let r be m(c). What is the hundreds digit of r + (-4 + 1 - -5)?
2
Let v(n) = n**3 + 104*n**2 + 214*n + 59. What is the thousands digit of v(-101)?
9
Suppose 9*u = -2211 - 39. Let v = -370 - u. What is the units digit of v/28*(-6 + -1)?
0
Let z(p) = -2*p**2 + 18*p - 45. Let t(b) = b**2 - 9*b + 22. Let a(n) = -5*t(n) - 2*z(n). Let x be a(6). Let l = 23 - x. What is the units digit of l?
5
Suppose 0 = n - 4, 0 = -2*u - u + 2*n - 110. Let h = -109 - u. Let t = h + 110. What is the tens digit of t?
3
Let s(x) = 14*x**2 + 143*x + 5509. What is the tens digit of s(-46)?
5
Let c = 688 + 245. Let p = c - 430. What is the tens digit of p?
0
Suppose 0 = -2*x + 8, -144*u - 4*x = -149*u + 44124. What is the hundreds digit of u?
8
Let i(h) = 8*h**3 - 9*h**3 + 3*h + 11 - 692*h**2 - 12*h + 701*h**2. Suppose -7 = -0*r - r. What is the tens digit of i(r)?
4
Suppose 0 = -j + 4*o + 6509, j = 100*o - 104*o + 6525. What is the thousands digit of j?
6
Let m(z) be the second derivative of 7*z**4/12 - z**3/3 + 17*z**2/2 - 15*z. What is the units digit of m(-6)?
1
Suppose -37*k + x - 4022 = -41*k, -3027 = -3*k + x. What is the thousands digit of k?
1
Let o(y) be the first derivative of -y**4/4 - 8*y**3 - 12*y**2 - 29*y - 6. Let t be o(-23). What is the tens digit of (11/(-1) - t/2)*-11?
8
Let o = 64 + -57. Suppose o = -p + 10. Let i(l) = 4*l**3 - 6. What is the units digit of i(p)?
2
Let x(d) be the second derivative of -13*d**4/24 - 2*d**3 + 7*d**2 + 19*d. Let k(w) be the first derivative of x(w). What is the units digit of k(-9)?
5
Let m(p) = 235*p**2 + 10*p - 13. Let t be m(5). Suppose t = 9*b - 1036. What is the units digit of b?
2
Let z(s) = 3*s**2 - 3*s - 173. Let f(g) = g**2 - g - 1. Let i(u) = 4*f(u) - z(u). Let r be i(0). Suppose 5*l = r + 381. What is the units digit of l?
0
What is the tens digit of (48/(-3))/(2/1 + 95985/(-47985))?
8
Let o(h) = 24*h + 59. Let a be (-2 - 16/(-2)) + (5 - 1). What is the hundreds digit of o(a)?
2
Let w(c) = 49*c + 57*c + 49*c + 5 - 85*c - 2. Let d(i) = -i**3 - 3*i**2 + 4*i + 2. Let l be d(-4). What is the units digit of w(l)?
3
Suppose 43*z + 2*u + 16 = 47*z, 3*u = -4*z - 4. Suppose -338 = -z*j + 298. What is the tens digit of j?
1
Suppose 3*u - 644 = 3*n + 1195, 0 = -3*u + 2*n + 1838. Suppose -p - 5*p = -u. Suppose 300 = 3*s - 5*i + p, 3*s - 222 = -3*i. What is the units digit of s?
1
Let d = 81 + -77. Suppose -2*h = d*g - 3*h - 1515, -g + 393 = -5*h. What is the tens digit of g?
7
Let a = -1309 - -4847. What is the units digit of a?
8
Let m be (-2)/(-9) + 52/9. Let f(u) = -1. Let l(k) = -10*k - 16. Let h(x) = 5*f(x) - l(x). What is the units digit of h(m)?
1
Suppose 0*m - 3*m - 25 = -4*g, 8 = 5*g + 4*m. Suppose -5*q = -7*u + 10*u - 3515, -3480 = -5*q + g*u. What is the hundreds digit of q?
7
Let n = 8578 + -4856. What is the hundreds digit of n?
7
Let p = 2 + -30. Let c(g) = -g**3 - 27*g**2 + 15*g - 1. What is the tens digit of c(p)?
6
Let c(n) = -9*n**2 + 25 - 2*n**2 + 26*n**2 - 11*n**2 + 29*n. Suppose t + 3*p + 18 = -t, 2*t + 28 = 2*p. What is the units digit of c(t)?
3
Suppose -2*s - 48 = -18*s. Suppose -4*h + s*j = h - 6376, 2*j = h - 1271. What is the units digit of h?
7
Suppose 8*d + 0 - 16 = 0. Suppose -5*w - 2884 = -d*y, 18*w - 16*w - 7181 = -5*y. What is the hundreds digit of y?
4
Let v be (-2)/8 - ((-123165)/(-28))/(-15). What is the hundreds digit of (-2 + 6 + -3)*v?
2
Let r(j) = 2*j**3 + 112*j**2 + 192*j - 34. What is the tens digit of r(-51)?
8
What is the thousands digit of (2 + 8 + 1330875/126)*2?
1
What is the tens digit of -28*(551/(-2) - -15)?
9
Let p(o) = 8*o**2 - 8*o - 32. Suppose -m = -5*i - 25, 3*m = 4*i - 2*m - 1. What is the tens digit of p(i)?
0
Let k(t) = -4*t**2 - 3*t**3 - 14 + t + 2*t**2 + 4*t**3 + 12. Let l be k(2). Suppose -4*w - 2*f + 450 = 0, -2*w - f + 2*f + 215 = l. What is the tens digit of w?
1
What is the hundreds digit of ((-21348)/6)/((-57)/24 + 2)?
4
Let s(r) = r**2 + 8*r + 12. Let n be s(-6). Suppose n*j - 4*j = 0. Suppose j = h - m - 40, 4*m = m + 15. What is the tens digit of h?
4
What is the hundreds digit of ((4 - -71744)/(-18))/(10/(-8) - -1)?
9
Suppose 948 - 939 = 3*k. Let q be (2 + -5)*(-1 + 0). Suppose -k*p + 55 = 2*l - 38, 2*p = q*l + 49. What is the units digit of p?
9
Let q(b) = 3*b**2 - 19*b - 30. Let v be q(-13). Let r = v + -266. What is the units digit of r?
8
Let h be 740/4*(28/(-20) + 1). Let r = 524 - h. What is the tens digit of r?
9
Let d = 765 + -759. Suppose 0 = -2*y - d, -6*y = 4*j - 3*y - 2887. What is the hundreds digit of j?
7
Let d(s) = -570*s - 197. Let u be d(-3). Let o = u - 658. What is the hundreds digit of o?
8
Suppose -a + 61919 = 5*n, -2311*n + a + 61931 = -2306*n. What is the hundreds digit of n?
3
Let p(k) = k**2 - 7*k - 1. Let f be p(8). Let m be f/((-378)/24)*(-18)/4. What is the tens digit of ((-31)/m)/(3/(-6))?
3
Suppose -44*v - 5*i = -49*v + 7490, -5*v + 2*i + 7472 = 0. What is the units digit of v?
2
Let h = 316 + -186. Let f be 198/(-44)*50/(-45). Suppose 0 = -3*m - z + 314, h - 652 = -f*m - 2*z. What is the hundreds digit of m?
1
Suppose -7*g = -4*g + 18. Let o = -5 - g. What is the units digit of (-2 + 1)*(-52 + -1)*o?
3
Let p be (-4 + 11/(-2))/((2 + -4)/(-4)). Let m(c) = -c**3 - 3*c**2 + c + 4. Let u be m(-5). Let t = u - p. What is the tens digit of t?
6
Suppose 0 = 2*i + 2*z, -4*z = -i - 3*z + 6. Let p(v) = 105*v**2 + 7*v - 29. What is the tens digit of p(i)?
3
Suppose -5*k = -p + 68925, -2*p - 23*k = -22*k - 137861. What is the ten thousands digit of p?
6
Let r = 313 - 201. Let i = r - 62. What is the units digit of i?
0
Let g(t) = -8*t - 35. Let p be g(13). Let r = p + 431. What is the tens digit of r?
9
Let g be 2/3*243/18. Let m be (-7)/(1 - (2 - 12/g)). Let p = 39 + m. What is the units digit of p?
8
Let c(g) = -14*g + 317. Let z be c(-40). Let b = 918 - z. What is the units digit of b?
1
Let i(o) = -18*o + 1. Let p be i(2). Let y = p - -34. What is the units digit of 138*(-1)/3*y?
6
Let s(i) = -i + 9. Let b be s(7). Suppose 75 = -b*m + 3*m. Let z = m + -28. What is the tens digit of z?
4
Let j(v) be the third derivative of v**5/60 + v**4/24 - 7*v**3/6 + 2*v**2. Let b be j(-9). Suppose -c = -0*c - b. What is the units digit of c?
5
Let r(a) = -22*a**2 + 25*a + 22. Let l(w) = -20*w**2 + 23*w + 21. Let f(q) = -7*l(q) + 6*r(q). What is the tens digit of f(7)?
0
Suppose -f = -2*k + 190 - 41, -80 = -k - 5*f. What is the units digit of (18/k*45 + -4)*5?
4
Suppose -2*m = 4*c - 4*m - 2, 2*m + 6 = 0. What is the units digit of c - -3 - (-2)/(4/998)?
1
Let w = -20 + 16. Let c be 3/w + 5486/8. Suppose 4*s + 121 = c. What is the tens digit of s?
4
What is the thousands digit of (-12)/1*153260/(-474)?
3
Suppose 48*o = 7*o + 1769519. What is the tens digit of o?
5
Let g = -165 + 37. Let z be -6 + (-161)/(-28) + (-1542)/8. Let b = g - z. What is the units digit of b?
5
Let u = 79 + -66. Suppose 9*p - 5 = u. What is the tens digit of 156 + (0 - (p - 5)) + 1?
6
Let k(x) = 5*x + 8. Let p be k(-2). Let t be 4*(p + 44/16). Suppose 201 = 2*n + 5*j, 2*j - 35 = t*n - 384. What is the hu